312809269.
1817
What is the highest common factor of 5031144 and 16?
8
Calculate the greatest common factor of 574218761 and 1497.
499
Calculate the highest common factor of 77455732 and 930.
62
What is the highest common factor of 20904 and 65497458?
5226
Calculate the greatest common divisor of 256767 and 627.
3
What is the greatest common divisor of 530 and 3257698?
106
Calculate the highest common factor of 782666 and 890.
178
What is the greatest common divisor of 10435205 and 174229?
3707
What is the highest common factor of 1239988 and 1643?
53
Calculate the highest common divisor of 21665 and 39616.
619
What is the greatest common factor of 5808 and 6134942?
242
What is the highest common factor of 925 and 1140875?
25
What is the highest common factor of 1951817 and 576877?
2989
What is the greatest common factor of 13 and 107065894?
13
What is the highest common divisor of 176 and 1748439?
11
What is the highest common divisor of 60856 and 1280?
8
Calculate the greatest common divisor of 3447885 and 110005.
245
What is the greatest common factor of 161905467 and 25296?
1581
Calculate the greatest common divisor of 230108040 and 775.
155
Calculate the highest common divisor of 116 and 2038091.
29
Calculate the greatest common divisor of 44804250 and 6750.
2250
Calculate the highest common factor of 13 and 33178379.
13
Calculate the greatest common divisor of 320 and 9631870.
10
Calculate the greatest common divisor of 453836706 and 1032.
258
What is the highest common factor of 748 and 346889828?
68
Calculate the greatest common factor of 175218206 and 401706.
14878
Calculate the highest common divisor of 79750 and 205250.
250
Calculate the highest common factor of 199166039 and 23.
23
Calculate the greatest common factor of 46206156 and 2032.
508
Calculate the greatest common divisor of 783692 and 33124.
364
What is the highest common factor of 310284 and 114156?
108
What is the highest common divisor of 235564 and 39?
1
Calculate the greatest common factor of 62383613 and 46.
23
What is the highest common factor of 43213 and 93537?
547
Calculate the greatest common divisor of 26784243 and 1635.
327
What is the greatest common divisor of 8831704 and 2408?
56
Calculate the greatest common factor of 6862 and 701384.
146
Calculate the highest common divisor of 8086 and 86476.
26
Calculate the highest common factor of 29055638 and 8033.
277
What is the greatest common factor of 464303 and 37240?
133
Calculate the greatest common divisor of 4021261 and 11.
1
What is the greatest common factor of 6806 and 16318?
82
Calculate the highest common divisor of 11228197 and 8763.
127
What is the highest common divisor of 17469163 and 6?
1
Calculate the greatest common factor of 12 and 5251782.
6
Calculate the greatest common divisor of 251610 and 1280.
10
What is the greatest common divisor of 29564821 and 299?
299
What is the highest common factor of 24 and 32309169?
3
Calculate the highest common factor of 378 and 305983692.
126
Calculate the greatest common factor of 4530682 and 624.
26
Calculate the greatest common factor of 10740 and 46265235.
2685
What is the greatest common factor of 4301303433 and 3027?
3027
Calculate the greatest common divisor of 2100 and 21350670.
30
Calculate the highest common divisor of 48610 and 1945.
5
What is the greatest common factor of 2816 and 23664256?
1408
Calculate the highest common factor of 4758 and 2458788.
366
Calculate the highest common divisor of 42333120 and 252.
36
What is the greatest common factor of 90 and 9336555?
45
Calculate the greatest common factor of 77114295 and 306.
153
Calculate the highest common factor of 303823950 and 600.
150
Calculate the greatest common divisor of 872 and 873853.
109
What is the greatest common factor of 6317796 and 36?
12
Calculate the highest common divisor of 948600 and 1025325.
6975
What is the greatest common factor of 66 and 613999749?
33
Calculate the greatest common divisor of 219222 and 1293538.
1282
Calculate the highest common factor of 556 and 39596.
4
What is the greatest common divisor of 865727 and 99221?
317
Calculate the highest common factor of 58279 and 22555.
13
What is the greatest common factor of 8 and 236975096?
8
What is the greatest common factor of 80951528 and 406?
406
Calculate the highest common divisor of 278731 and 113606.
1321
Calculate the highest common divisor of 119362 and 15984.
74
What is the highest common divisor of 262844 and 5088317?
2857
What is the highest common divisor of 47752565 and 28?
7
What is the highest common factor of 40 and 858536?
8
What is the greatest common factor of 103877403 and 609?
21
Calculate the greatest common factor of 23 and 32568.
23
What is the greatest common divisor of 3039248455 and 95?
95
Calculate the highest common factor of 10 and 114890410.
10
What is the greatest common factor of 1395987132 and 12?
12
What is the highest common factor of 35 and 316288259?
7
Calculate the greatest common divisor of 5 and 2507769.
1
Calculate the greatest common divisor of 14256781 and 77.
77
Calculate the greatest common divisor of 8586636 and 3864.
276
Calculate the highest common divisor of 854592486 and 11.
11
What is the greatest common divisor of 52096 and 418112?
64
Calculate the greatest common factor of 168 and 205016406.
42
What is the greatest common divisor of 20902872 and 24?
24
Calculate the highest common divisor of 9321 and 809254.
239
Calculate the greatest common factor of 766033 and 27837.
1031
What is the greatest common divisor of 7515246 and 111?
3
What is the highest common divisor of 16147 and 304142?
241
What is the highest common divisor of 63296 and 62864796?
3956
Calculate the highest common factor of 2588908 and 28.
28
What is the highest common divisor of 3950797 and 4601?
43
What is the highest common divisor of 3286118 and 1694?
242
What is the greatest common divisor of 3686 and 10606712?
38
Calculate the highest common factor of 115379 and 1035793.
187
Calculate the greatest common divisor of 34620 and 17451942.
3462
What is the greatest common divisor of 43333367 and 9302?
4651
What is the greatest common factor of 50183 and 118235?
107
What is the highest common factor of 53348 and 628?
4
What is the highest common factor of 2886 and 14158716?
2886
What is the highest common divisor of 182104 and 266968?
1768
Calculate the greatest common factor of 2112 and 347861888.
704
Calculate the highest common divisor of 92880 and 5072.
16
Calculate the greatest common factor of 45 and 16833627.
9
What is the greatest common divisor of 27098 and 11998835?
797
Calculate the greatest common divisor of 86578 and 3942.
146
Calculate the highest common factor of 1138218 and 9282.
102
What is the highest common divisor of 811215 and 53055?
405
What is the highest common divisor of 3409 and 47852?
7
Calculate the greatest common factor of 2821480 and 200.
40
Calculate the highest common divisor of 28202854 and 534.
178
Calculate the highest common factor of 1918 and 144568428.
274
Calculate the highest common factor of 732 and 18271332.
12
What is the greatest common factor of 96768 and 1275804?
108
What is the greatest common divisor of 2462137 and 8729?
43
Calculate the highest common divisor of 264 and 277893.
33
What is the greatest common divisor of 1794 and 79654198?
598
What is the highest common factor of 63828050 and 1100?
550
Calculate the highest common factor of 582 and 319788339.
291
Calculate the greatest common divisor of 76152 and 113658.
114
What is the highest common divisor of 2139 and 19768638?
2139
What is the greatest common factor of 2567208 and 16058?
518
Calculate the greatest common divisor of 6 and 337324686.
6
What is the highest common divisor of 47725095 and 165?
165
What is the highest common factor of 494 and 3153314138?
494
What is the highest common factor of 940 and 187408740?
940
Calculate the highest common factor of 37382834 and 53604.
2978
What is the greatest common factor of 92576029 and 273?
91
Calculate the greatest common divisor of 72 and 333533160.
72
What is the greatest common divisor of 138229 and 159123?
31
Calculate the highest common divisor of 14514 and 108486.
246
What is the greatest common divisor of 3 and 53485941?
3
Cal